 7704?
7
What is the thousands digit of 1798?
1
What is the thousands digit of 2286?
2
What is the ten thousands digit of 148605?
4
What is the tens digit of 446?
4
What is the thousands digit of 1141?
1
What is the thousands digit of 3438?
3
What is the hundreds digit of 2180?
1
What is the hundreds digit of 52843?
8
What is the units digit of 10370?
0
What is the thousands digit of 2569?
2
What is the tens digit of 42571?
7
What is the units digit of 541?
1
What is the tens digit of 1769?
6
What is the units digit of 12079?
9
What is the thousands digit of 1121?
1
What is the tens digit of 607?
0
What is the thousands digit of 8992?
8
What is the ten thousands digit of 66332?
6
What is the units digit of 52156?
6
What is the thousands digit of 2562?
2
What is the tens digit of 8060?
6
What is the tens digit of 7105?
0
What is the tens digit of 570?
7
What is the tens digit of 44983?
8
What is the tens digit of 2291?
9
What is the hundreds digit of 60262?
2
What is the hundreds digit of 3009?
0
What is the thousands digit of 124284?
4
What is the units digit of 42028?
8
What is the tens digit of 2189?
8
What is the hundreds digit of 22123?
1
What is the tens digit of 862?
6
What is the units digit of 7543?
3
What is the units digit of 114600?
0
What is the hundreds digit of 4918?
9
What is the units digit of 30270?
0
What is the tens digit of 280?
8
What is the ten thousands digit of 66227?
6
What is the units digit of 518?
8
What is the hundreds digit of 2420?
4
What is the ten thousands digit of 15626?
1
What is the hundreds digit of 22588?
5
What is the tens digit of 73296?
9
What is the units digit of 844?
4
What is the tens digit of 11?
1
What is the units digit of 32?
2
What is the tens digit of 541?
4
What is the tens digit of 11293?
9
What is the hundreds digit of 9414?
4
What is the tens digit of 5667?
6
What is the thousands digit of 169501?
9
What is the tens digit of 1282?
8
What is the ten thousands digit of 13598?
1
What is the hundreds digit of 3017?
0
What is the units digit of 25192?
2
What is the hundreds digit of 21634?
6
What is the tens digit of 14029?
2
What is the ten thousands digit of 81633?
8
What is the units digit of 74618?
8
What is the units digit of 462?
2
What is the tens digit of 2021?
2
What is the units digit of 15994?
4
What is the thousands digit of 12340?
2
What is the thousands digit of 13962?
3
What is the tens digit of 13383?
8
What is the hundreds digit of 17594?
5
What is the units digit of 86?
6
What is the hundreds digit of 20935?
9
What is the hundreds digit of 64918?
9
What is the hundreds digit of 405?
4
What is the thousands digit of 10577?
0
What is the tens digit of 289?
8
What is the hundreds digit of 2354?
3
What is the tens digit of 1312?
1
What is the units digit of 15785?
5
What is the tens digit of 2195?
9
What is the thousands digit of 25077?
5
What is the units digit of 60172?
2
What is the tens digit of 1847?
4
What is the thousands digit of 65735?
5
What is the hundreds digit of 2025?
0
What is the hundreds digit of 1142?
1
What is the units digit of 65647?
7
What is the units digit of 765?
5
What is the tens digit of 132?
3
What is the units digit of 21281?
1
What is the units digit of 9334?
4
What is the tens digit of 1361?
6
What is the ten thousands digit of 54937?
5
What is the thousands digit of 13869?
3
What is the hundreds digit of 571?
5
What is the ten thousands digit of 91427?
9
What is the units digit of 637?
7
What is the units digit of 41221?
1
What is the thousands digit of 7391?
7
What is the units digit of 19043?
3
What is the units digit of 321?
1
What is the thousands digit of 1155?
1
What is the hundreds digit of 15363?
3
What is the units digit of 3792?
2
What is the thousands digit of 8034?
8
What is the thousands digit of 11108?
1
What is the ten thousands digit of 47966?
4
What is the thousands digit of 4450?
4
What is the tens digit of 1561?
6
What is the hundreds digit of 5507?
5
What is the units digit of 194?
4
What is the tens digit of 4485?
8
What is the thousands digit of 1905?
1
What is the units digit of 12229?
9
What is the tens digit of 1749?
4
What is the units digit of 79?
9
What is the thousands digit of 1295?
1
What is the ten thousands digit of 10469?
1
What is the units digit of 315?
5
What is the thousands digit of 1840?
1
What is the tens digit of 18622?
2
What is the ten thousands digit of 92444?
9
What is the tens digit of 71269?
6
What is the ten thousands digit of 19132?
1
What is the hundreds digit of 89806?
8
What is the units digit of 8?
8
What is the tens digit of 32898?
9
What is the thousands digit of 25762?
5
What is the ten thousands digit of 12417?
1
What is the ten thousands digit of 38635?
3
What is the tens digit of 487?
8
What is the units digit of 4681?
1
What is the units digit of 567?
7
What is the thousands digit of 10141?
0
What is the tens digit of 3517?
1
What is the tens digit of 33223?
2
What is the hundreds digit of 97057?
0
What is the hundreds digit of 9158?
1
What is the hundreds digit of 677?
6
What is the thousands digit of 2760?
2
What is the tens digit of 22233?
3
What is the thousands digit of 3090?
3
What is the thousands digit of 3869?
3
What is the units digit of 1188?
8
What is the tens digit of 721?
2
What is the hundreds digit of 4989?
9
What is the hundreds digit of 62949?
9
What is the tens digit of 195?
9
What is the ten thousands digit of 16646?
1
What is the thousands digit of 17543?
7
What is the tens digit of 2326?
2
What is the hundreds digit of 46266?
2
What is the tens digit of 7003?
0
What is the units digit of 7398?
8
What is the tens digit of 3360?
6
What is the hundreds digit of 40159?
1
What is the ten thousands digit of 13764?
1
What is the units digit of 639?
9
What is the units digit of 4504?
4
What is the thousands digit of 39390?
9
What is the units digit of 13692?
2
What is the units digit of 13423?
3
What is the tens digit of 51724?
2
What is the units digit of 1425?
5
What is the units digit of 33518?
8
What is the tens digit of 36325?
2
What is the tens digit of 27345?
4
What is the units digit of 31645?
5
What is the thousands digit of 1856?
1
What is the ten thousands digit of 11748?
1
What is the thousands digit of 8595?
8
What is the hundreds digit of 72755?
7
What is the units digit of 322?
2
What is the ten thousands digit of 60589?
6
What is the tens digit of 38643?
4
What is the tens digit of 717?
1
What is the thousands digit of 24092?
4
What is the tens digit of 26783?
8
What is the units digit of 499?
9
What is the units digit of 3693?
3
What is the tens digit of 259?
5
What is the hundreds digit of 2400?
4
What is the tens digit of 149?
4
What is the units digit of 1534?
4
What is the ten thousands digit of 12660?
1
What is the thousands digit of 1787?
1
What is the thousands digit of 34105?
4
What is the units digit of 427?
7
What is the tens digit of 246?
4
What is the units digit of 3298?
8
What is the hundreds digit of 47722?
7
What is the hundreds digit of 503?
5
What is the units digit of 1193?
3
What is the thousands digit of 33795?
3
What is the thousands digit of 2416?
2
What is the hundreds digit of 2766?
7
What is the ten thousands digit of 12979?
1
What is the hundreds digit of 846?
8
What is the units digit of 29557?
7
What is the units digit of 9305?
5
What is the units digit of 1054?
4
What is the units digit of 6809?
9
What is the tens digit of 6537?
3
What is the units digit of 18896?
6
What is the thousands digit of 30241?
0
What is the tens digit of 1669?
6
What is the thousands digit of 36012?
6
What is the hundreds digit of 1094?
0
What is the tens digit of 95?
9
What is the hundreds digit of 68843?
8
What is the hundreds digit of 846?
8
What is the hundreds digit of 1531?
5
What is the units digit of 1559?
9
What is the tens digit of 102054?
5
What is the tens digit of 449?
4
What is the units digit of 437?
7
What is the hundreds digit of 3695?
6
What is the hundreds digit of 178?
1
What is the units digit of 290?
0
What is the tens digit of 7434?
3
What is the units digit of 735?
5
What is the units digit of 1247?
7
What is the hundreds digit of 6847?
8
What is the hundreds digit of 4132?
1
What is the hundreds digit of 8180?
1
What is t